pose -5*o = -3*z - 40 + 16, -4*o - 4*z = 0. Calculate the remainder when ((-4)/12)/((-1)/12) is divided by o.
1
Calculate the remainder when 1/3 - (-2576)/84 is divided by (2/5)/(3/60).
7
Let c(p) = 88*p**2 - 2*p. What is the remainder when c(-1) is divided by 13?
12
Let m(d) = -d**3 + 12*d**2 - 7*d - 16. What is the remainder when m(11) is divided by 8?
4
Calculate the remainder when 62 is divided by (-221)/(-17) + 3 + 0.
14
Let h(d) = d + 7. Let l be h(-5). Let g(r) = -16*r + 3. Let n(w) = -176*w + 32. Let k(b) = 32*g(b) - 3*n(b). What is the remainder when k(l) is divided by 11?
10
Suppose 2*k - 12 = 18. What is the remainder when 44 is divided by k?
14
Let v be (0 - -1)*1*3. Suppose 9 = 3*k, -x + v*k = -0*k - 2. Calculate the remainder when 30 is divided by x.
8
Suppose -3*h + 4*c = -4*h + 10, 5*c + 19 = 4*h. Let k = -169 - -185. What is the remainder when k is divided by h?
4
Let z(l) = 2*l - 6. Suppose 10 = 5*v - 0*v. Calculate the remainder when v is divided by z(4).
0
Suppose q - j - 4*j = 24, 4*q - 5*j = 36. Calculate the remainder when 11 is divided by q.
3
Let r = -20 + 19. What is the remainder when r + (2 + 15 - 0) is divided by 10?
6
Suppose -2*j = -p - 4*j + 4, 3*p - 52 = 2*j. Suppose -94 = -3*q - 19. What is the remainder when q is divided by p?
11
Suppose 0 = -2*y + 3*p - 7*p + 60, -3*y - p = -65. What is the remainder when y is divided by 7?
6
Suppose -2 = 2*i - 3*i. Suppose i*m - 16 = -2*a, m - 2*m + a - 2 = 0. Suppose 3*u = -2*c + m + 34, 0 = 3*c + 12. What is the remainder when 29 is divided by u?
14
Suppose 18 = -3*h + 6. Let p(v) = -v**2 - 5*v - 1. Suppose 5*y - 2*b - 30 = 0, 3*y + 7*b = 3*b - 8. Calculate the remainder when y is divided by p(h).
1
Let b = 58 - 37. What is the remainder when 55 is divided by b?
13
Let a = 4 - 4. Suppose a = 2*w - 18 + 2. Calculate the remainder when w is divided by 3.
2
Suppose o = -2, -s - 5*o - 4 = s. Suppose s*q = 2*c - 53, -5*c = -5*q + 2*q - 155. What is the remainder when c is divided by (18/4)/((-1)/(-2))?
7
Calculate the remainder when 105 is divided by (-2)/(-6) - 214/(-6).
33
Suppose 0*u = 2*u - 4. Suppose 0 = -u*o - 2*o + 308. Suppose -n = n + 3*x - o, 0 = -n - x + 40. Calculate the remainder when n is divided by 15.
13
Let w(v) = v**2 + 15*v - 22. Calculate the remainder when 45 is divided by w(-17).
9
Let b = 5 - 9. Let d = b + 6. Suppose d*t - 10 = -5*h, -h - 8 = 3*h. Calculate the remainder when t is divided by 4.
2
Let w be (-2)/(-1 - 6/(-4)). Calculate the remainder when 2 is divided by (-2)/4 + (-10)/w.
0
Let j = 30 - 19. Suppose 0 = 4*t - 3*l - 13, j = -2*t + l + 4*l. Let y = -6 - -25. Calculate the remainder when y is divided by t.
5
Let w(l) = -l**2 - 5*l - 2. Let h be w(-3). Suppose 40 + 240 = h*k. Let a = k - 39. What is the remainder when a is divided by 11?
9
Calculate the remainder when 21 is divided by ((-1)/2)/((-21)/252).
3
Suppose 7*z + 10 = 2*z. What is the remainder when 11 is divided by (-3)/2 + (-17)/z?
4
Suppose 0 = 9*i - 13*i + 80. Suppose -5*v = -70 - i. What is the remainder when v is divided by 7?
4
Suppose -2*g + 5*z = -185, 4*g + 5*z - 409 = 2*z. What is the remainder when g is divided by 34?
32
Calculate the remainder when -2 + 11 + -7 + 6 is divided by 4.
0
Let a = -18 + 31. What is the remainder when 19 is divided by a?
6
Suppose -5*s + 79 = 4*k, 4*s - 65 = -6*k + k. Calculate the remainder when s is divided by 8.
7
Let o = 18 - 6. Suppose 7*c = 3*c + o. Let q = 112 + -101. What is the remainder when q is divided by c?
2
Let r(j) = j**2 + 24*j - 21. What is the remainder when 21 is divided by r(-25)?
1
Suppose 4*k + g + g = 18, -2*k = -2*g - 18. Suppose 0*i = -4*i - 8, 0 = 2*v + 4*i + k. What is the remainder when 22 is divided by (-2 - -12) + v + -3?
6
Suppose 2*i + 2*t = -0*t + 82, -237 = -5*i + 3*t. Suppose -3*f + 5*w + 28 = 0, 4*f - 4*w = -3*w + 60. What is the remainder when i is divided by f?
13
Suppose 5*q - 15 = -0*q. Let k(x) = x + 8. What is the remainder when (29/q)/(1/3) is divided by k(7)?
14
Suppose -2 = 5*z + 2*p, 4*z = -p - 0*p - 1. Suppose -4*i = -z*i - 48. Calculate the remainder when i is divided by 7.
5
Suppose 0*u + u - 2 = 0. Suppose -u*n + 132 = n. Calculate the remainder when n is divided by 16.
12
Let t = -64 + 11. Let y be t/(-5) - 6/10. What is the remainder when (35/y)/((-2)/(-20)) is divided by 12?
11
Let z = 32 - 60. Let k = -13 - z. Calculate the remainder when k is divided by (-4 + (-40)/(-6))*3.
7
Let l(a) = -2*a - 13. Calculate the remainder when 28 is divided by l(-14).
13
Suppose -2*n = -3*o + 193, -4*o - 2*n = -n - 272. What is the remainder when o is divided by 23?
21
Suppose -3*u = -7*u + 244. What is the remainder when u is divided by (-2)/3 - 50/(-3)?
13
Let j = -62 - -114. Let u = 110 - j. What is the remainder when u is divided by (-2)/(-9)*1 - 534/(-27)?
18
Let v be 5/5 - (-4)/(-2). Let z be -4*(2*v - -1). Suppose -z*l - 41 = -3*g - 2*l, 0 = -2*g - l + 18. What is the remainder when 20 is divided by g?
9
Let h = 59 - 86. Let n be 6/h + 20/9. Suppose -k = -2*k + n. Calculate the remainder when 5 is divided by k.
1
Suppose -19*d = -22*d + 192. Calculate the remainder when d is divided by 6.
4
Let y be (1/1)/((-2)/(-26)). Calculate the remainder when 32 is divided by y - 0 - (-32)/8.
15
Let i = 31 - 24. Calculate the remainder when 13 is divided by i.
6
Let x = -44 - -67. Calculate the remainder when 42 is divided by x.
19
Let v(r) = -r**3 + 5*r**2 - 2. Let d be v(5). Suppose -325 = q - 344. What is the remainder when (-1)/(((-2)/d)/(-37)) is divided by q?
18
Let o(a) = a**3 - 3*a**2 + a - 1. Let f be o(3). Suppose -3*x = -0*x - 4*j - 26, 0 = -2*j + f. What is the remainder when ((-2)/1)/((-2)/38) is divided by x?
8
Suppose -19 + 69 = 5*f. Suppose -5*b - 25 = -215. What is the remainder when b is divided by f?
8
Let c(y) = -y**2 - 5*y + 14. What is the remainder when 55 is divided by c(0)?
13
Let o be 2/((1 + 2)/3). Let u(b) = 22*b. Let l be u(o). What is the remainder when (-2 - l)*1/(-2) is divided by 8?
7
Suppose 0 = 3*z - 2*z - 73. What is the remainder when z is divided by 38?
35
Suppose -5*y = -4*t - 57, y + 5 = 3*t + 56. Let f = -7 - t. Let d(v) = 8*v**2 + v + 1. What is the remainder when d(-2) is divided by f?
9
Let l(i) = -58*i + 1. Let x be l(-1). Let y be x + -1 + (3 - 3). What is the remainder when 23 is divided by y/5 - 4/(-10)?
11
Let c(y) = -3*y. Let p be c(3). Let o(f) = -f - 9. Let b be o(p). What is the remainder when (b - -22)*4/8 is divided by 7?
4
Calculate the remainder when 76 is divided by (-1)/((10/45)/(-2)) + 2.
10
Let q(y) = y**2 - 5*y + 5. Suppose -2*k = j - 33, -135 = -5*j - 4*k + 12. Suppose 7*g = 4*g + j. What is the remainder when g is divided by q(5)?
4
Let m = 13 - 7. Let j(a) = a**3 - 6*a**2 - a + 6. Let g be j(m). Suppose g = 4*h + 7 - 51. What is the remainder when h is divided by 6?
5
Let f = -3 + 26. Calculate the remainder when 87 is divided by f.
18
Let h(y) = 4*y**2 + 2. Let d be (-4)/(-14) + (-12)/(-7). What is the remainder when h(2) is divided by 0 + 11 - d/2?
8
Suppose -2*j - 5*z + 4 = 0, 3*j + 2*z - 15 = -z. Let w = 1 + j. What is the remainder when w is divided by 6?
2
Suppose x + 10 = 3*x. Suppose -c + 322 = 4*u, -u + x*c = -4*u + 250. Suppose z = 6*z - u. Calculate the remainder when z is divided by 6.
4
Let b(z) = z**2 + 6*z - 8. Let a be b(-7). Let m(n) = 4*n**2 - 1. Let y be m(-1). What is the remainder when (a - 22)/(2 - y) is divided by 8?
7
Let v(m) = 12*m - 14. Let a(l) = 4*l - 5. Let p(t) = -7*a(t) + 2*v(t). Calculate the remainder when p(-9) is divided by 9.
7
Calculate the remainder when 157 is divided by -9*1/(-3) + 37.
37
Let n(r) = r**2 - 4. Suppose 40 + 26 = 3*v. What is the remainder when v is divided by n(4)?
10
Suppose -q - 2 = -3*b + 3, 5*q - 35 = -5*b. Suppose 4*j + 3 + 1 = z, 4*j - 60 = -b*z. Calculate the remainder when 30 is divided by z.
14
Suppose f + 0*f - 5 = 0. What is the remainder when 17 is divided by f?
2
Let c be 10 - 0 - 1*-2. Let p be ((-9)/c)/((-1)/(-4)). What is the remainder when -1*14*p/3 is divided by 5?
4
Suppose h + v + 319 = 5*h, -h + 4*v + 76 = 0. What is the remainder when h is divided by 21?
17
Let n(g) = -g**2 + 6*g + 11. Let j be n(8). Let o(v) = 2*v**2 + 6*v - 3. What is the remainder when o(j) is divi